*m**2 - 114*m - 1244. Give r(-10).
-104
Let t(g) = g**3 - 36*g**2 + 80. Determine t(36).
80
Let u(b) = -877*b - 3501. Determine u(-4).
7
Let x(j) = -j**3 + 6*j**2 + 21*j - 69. Give x(8).
-29
Let s(o) = -o**3 - 220*o**2 + 234*o + 2821. Give s(-221).
-52
Let w(r) = 7*r**2 - 149*r - 87. Determine w(22).
23
Let u(x) = -3*x**3 + 6*x**2 - 8*x - 6. Give u(2).
-22
Let f(h) = -h**3 + 42*h**2 + 134*h - 24. Give f(45).
-69
Let l(w) = -43*w**2 + 78*w - 154. Calculate l(2).
-170
Let g(c) = -c**2 + 33*c - 286. Give g(12).
-34
Let h(u) = 4*u**2 + 26*u - 118. What is h(-8)?
-70
Let h(y) = -y**2 - 28*y + 343. What is h(-39)?
-86
Let x(k) = -26*k**3 - 986*k**2 + 75*k + 84. What is x(-38)?
122
Let f(i) = 8566*i + 51397. What is f(-6)?
1
Let k(n) = -n**3 + 2*n**2 + 67*n - 238. Calculate k(4).
-2
Let a(m) = -5*m**3 - 52*m**2 - 26*m - 17. Calculate a(-10).
43
Let b(p) = p**3 - 34*p**2 + 258*p - 101. What is b(11)?
-46
Let m(i) = -i**3 + 2*i**2 + 80*i + 4. Determine m(10).
4
Let u(l) = 22*l**2 + 65*l - 82. Calculate u(-4).
10
Let a(k) = 2*k**3 + 21*k**2 - 32. Determine a(-7).
311
Let u(m) = 5*m**2 + 21*m + 20. Calculate u(-1).
4
Let g(w) = 2*w**2 - 69*w + 253. Give g(27).
-152
Let w(f) = f**2 - 91*f - 92. Calculate w(-1).
0
Let k(c) = -3*c**2 - 252*c + 6. Calculate k(0).
6
Let x(r) = -3*r**3 + 13*r**2 + 43*r - 62. Give x(6).
16
Let n(h) = 8*h - 203. What is n(21)?
-35
Let q(l) = l**2 - 342. Give q(22).
142
Let l(h) = 7*h**3 - 57*h**2 + 7*h - 15. What is l(8)?
-23
Let t(m) = m**2 - 142*m - 4183. Calculate t(-25).
-8
Let f(y) = -275*y**3 + y**2. Determine f(-1).
276
Let x(f) = -f**3 - 5*f - 30. Determine x(-3).
12
Let c(w) = 132*w**2 + 514*w + 11. Calculate c(-4).
67
Let u(t) = t**2 + 1163*t - 7017. Give u(6).
-3
Let t(j) = -21*j**2 - 55*j + 7. Give t(-3).
-17
Let a(c) = -76*c - 12235. Determine a(-161).
1
Let o(w) = -w**2 + 66*w - 964. Determine o(22).
4
Let k(r) = 3*r**3 - 90*r**2 + 2*r - 61. Calculate k(30).
-1
Let b(y) = y**3 - 98*y**2 - 294*y - 907. Give b(101).
2
Let r(u) = 20*u**2 + 343*u + 54. What is r(-17)?
3
Let r(z) = 2*z**3 - 164*z**2 - 166*z - 11. Give r(83).
-11
Let g(i) = i**2 + 1842*i - 5542. Give g(3).
-7
Let l(n) = -n**2 + 297*n - 2323. Determine l(8).
-11
Let w(o) = -o**3 + 6*o**2 - 101*o + 386. Determine w(4).
14
Let l(s) = -313*s + 32550. Determine l(104).
-2
Let n(d) = 6*d**2 - 43*d - 55. Determine n(-1).
-6
Let x(n) = n**2 + 15*n + 15. What is x(-7)?
-41
Let b(k) = -6*k**2 - 218*k - 5. What is b(-35)?
275
Let x(f) = f**2 + 48*f + 630. Calculate x(-26).
58
Let d(h) = -151*h - 1432. What is d(-10)?
78
Let f(h) = 4*h**2 - 39*h + 75. What is f(2)?
13
Let z(k) = 66*k**2 + 3*k - 5. What is z(1)?
64
Let f(y) = -98*y - 1849. Determine f(-19).
13
Let m(z) = z**3 - 43*z**2 + 252*z - 39. Calculate m(36).
-39
Let q(k) = 2*k**3 - 68*k**2 - 483*k + 130. What is q(40)?
10
Let f(i) = 14*i**2 + 12*i - 34. What is f(-2)?
-2
Let j(w) = -w**2 - 4397*w + 26415. What is j(6)?
-3
Let m(o) = 2*o**2 + 119*o + 193. Calculate m(-57).
-92
Let l(o) = -4*o**3 - 24*o**2 - 398*o - 2387. Determine l(-6).
1
Let p(h) = -61*h + 6377. Determine p(104).
33
Let k(p) = -208*p - 1352. Give k(-9).
520
Let z(k) = -k**3 + 39*k**2 - 71*k + 37. Give z(37).
148
Let y(q) = 2*q**3 - 26*q**2 - 179*q - 27. Determine y(18).
-9
Let u(j) = -63*j + 393. Give u(5).
78
Let d(x) = 2*x**2 - 120*x + 1745. Calculate d(24).
17
Let b(u) = -22*u**2 - 237*u - 1. Calculate b(-11).
-56
Let d(x) = -57*x - 2301. Calculate d(-22).
-1047
Let b(w) = -67*w**2 - 61*w + 2. What is b(-1)?
-4
Let a(i) = -i**2 + 30*i - 516. Determine a(17).
-295
Let a(d) = -d**2 - 187*d - 729. Calculate a(-4).
3
Let u(s) = -2*s**3 + 8*s**2 - 10*s - 5. What is u(4)?
-45
Let c(u) = -2*u**3 + 9*u - 1. Give c(4).
-93
Let p(d) = -2*d**3 + 30*d**2 - d + 5. Calculate p(15).
-10
Let k(m) = -8*m**2 + 17*m + 6. Give k(3).
-15
Let a(b) = 329*b + 2618. Determine a(-8).
-14
Let x(h) = h**3 + 11*h**2 - h - 121. Calculate x(-10).
-11
Let f(d) = -13*d**3 + 3*d**2 + 7*d + 13. Give f(-3).
370
Let m(w) = w**2 - 13*w - 16. Give m(7).
-58
Let g(r) = 7*r**2 - 4*r - 157. What is g(5)?
-2
Let q(m) = 22*m**2 + 159*m + 471. Calculate q(-3).
192
Let a(d) = 64*d - 1249. What is a(19)?
-33
Let x(h) = h**3 + 10*h**2 - 2*h + 25. Determine x(-11).
-74
Let h(u) = u**3 - 19*u**2 + 70*u - 2. Calculate h(14).
-2
Let w(o) = 20*o - 435. Determine w(22).
5
Let p(v) = -134*v - 458. What is p(-4)?
78
Let n(c) = -32*c - 66. Calculate n(-9).
222
Let k(y) = 24*y - 195. What is k(31)?
549
Let k(l) = -13*l**2 - 144*l + 139. Determine k(-12).
-5
Let r(x) = -x**3 + 64*x**2 - 264*x + 77. Give r(4).
-19
Let t(u) = -2*u**2 - 70*u + 1056. Determine t(13).
-192
Let c(q) = q**3 - 24*q**2 + 89*q + 9. Give c(21).
555
Let u(d) = d**2 + 834*d - 10147. Determine u(12).
5
Let l(c) = -56*c + 162. Determine l(3).
-6
Let n(q) = -41*q**3 + 28*q**2 - 11*q + 10. Calculate n(1).
-14
Let t(v) = -16*v - 14. What is t(2)?
-46
Let t(u) = -4*u - 68. Determine t(-5).
-48
Let o(c) = -c**3 + 7*c**2 + 399*c - 3893. Calculate o(17).
0
Let c(w) = -w**3 + 25*w**2 - 54*w + 123. What is c(23)?
-61
Let x(w) = 27*w - 2318. Calculate x(86).
4
Let k(q) = -28*q**2 - 90*q - 3. What is k(-6)?
-471
Let b(w) = 34*w**2 + 46*w + 13. Calculate b(-1).
1
Let h(s) = s**3 + 10*s**2 + 33*s + 177. What is h(-9)?
-39
Let g(t) = t**2 - 24*t - 1012. Calculate g(47).
69
Let g(x) = 2*x**2 - 38*x + 202. Give g(14).
62
Let y(m) = -4*m**3 - 11*m**2 + 19*m + 36. Give y(-3).
-12
Let c(u) = u**3 - 46*u**2 + 109*u + 34. Determine c(44).
958
Let f(y) = -68*y + 189. Give f(3).
-15
Let d(g) = -3*g**2 - 64*g - 140. Determine d(-18).
40
Let r(j) = -300*j**3 + 5*j**2 - 3*j + 2. What is r(1)?
-296
Let j(w) = 493*w - 1507. Calculate j(3).
-28
Let f(s) = -s**3 - 6*s**2 - 4*s - 64. What is f(-6)?
-40
Let i(x) = 6*x**2 - 49*x - 10033. Calculate i(-37).
-6
Let u(t) = -t**3 + 64*t**2 - 244*t - 6. Calculate u(60).
-246
Let r(m) = -m**2 + 22*m + 87. Give r(25).
12
Let u(r) = r**2 - 874*r + 6904. Give u(8).
-24
Let q(w) = -w**2 + 132*w + 841. What is q(-6)?
13
Let r(s) = 5*s + 12. Give r(7).
47
Let q(o) = -139*o + 1121. What is q(8)?
9
Let u(n) = -54*n + 5267. Calculate u(99).
-79
Let x(l) = l**3 + 9*l**2 - 2*l + 10. Determine x(-9).
28
Let y(w) = -2*w**3 - 6*w**2 + w + 7. What is y(-4)?
35
Let i(n) = -n**2 + 39*n - 279. What is i(12)?
45
Let w(v) = -v**2 - 76*v - 1028. Calculate w(-18).
16
Let x(v) = -22*v**3 - 9746*v**2 + 3*v + 1324. Determine x(-443).
-5
Let y(o) = -18*o - 246. Give y(-7).
-120
Let y(g) = 3*g**2 + 87*g + 479. What is y(-19)?
-91
Let x(w) = -7*w + 101. What is x(13)?
10
Let a(k) = 3*k**2 + 27*k + 35. What is a(-7)?
-7
Let l(q) = q**3 - 127*q**2 + 238*q + 1504. Determine l(125).
4
Let x(p) = 7*p**3 - 25*p**2 - 11*p + 26. What is x(-3)?
-355
Let u(c) = c**3 - 28*c**2 + 18*c + 50. What is u(27)?
-193
Let z(u) = u**3 + 7*u**2 - 33*u - 43. Calculate z(-10).
-13
Let t(o) = -o**2 + 159*o - 460. What is t(3)?
8
Let q(i) = -6*i**2 + i + 99. Determine q(6).
-111
Let h(q) = -q**2 - 10*q + 45. Give h(0).
45
Let r(d) = -d**2 + 3*d - 15. Calculate r(3).
-15
Let i(z) = 30*z + 134. Calculate i(-4).
14
Let k(h) = 60*h - 786. What is k(13)?
-6
Let g(p) = 750*p + 26250. Determine g(-35).
0
Let n(v) = -27*v - 2954. Determine n(-100).
-254
Let u(k) = k**2 - 344*k - 1677. Give u(-5).
68
Let u(y) = -y**3 - 8*y**2 + 637*y + 3254. Calculate u(-5).
-6
Let y(q) = 31*q + 2047. Calculate y(-66).
1
Let x(z) = 376*z + 754. Determine x(-2).
2
Let q(z) = 14*z - 18. Give q(8).
94
Let u(l) = 3*l**2 - 91*l - 185. Determine u(-2).
9
Let v(g) = g**3 + 7*g**2 + 9*g + 20. What is v(-4)?
32
Let t(j) = 10*j**2 - 125*j + 698. Determine t(6).
308
Let t(u) = 21*u - 259. Calculate t(12).
-7
Let q(x) = -x**2 - 28*x + 887. Give q(-47).
-6
Let f(l) = 2*l**3 + 177*l**2 + 1137*l - 1. Give f(-7).
27
Let h(k) = -6*k**3 - 1986*k - 1988. Determine h(-1).
4
Let g(v) = -2*v**2 - 64*v - 182. What is g(-3)?
-8
Let z(u) = 7*u - 89. What is z(32)?
135
Let m(h) = -h**3 + 12*h**2 - 45*h + 58. What is m(7)?
-12
Let p(r) = 2*r**2 + 33*r + 106. Give p(-4).
6
Let i(n) = -17*n - 1327. What is i(-78)?
-1
Let p(z) = -z**2 - 8*z + 74. Calculate p(-14).
-10
Let x(l) = 2*l**2 + 38*l - 7. What is x(-17)?
-75
Let c(b) = 18*b + 175. Determine c(-10).
-5
Let d(q) = 4*q - 161. Give d(34).
-25
Let a(j) = -365*j + 25